0 = 3*t. Suppose t*c = -5*c + 35. Suppose -169 + 50 = -4*g - c*y, -4*y + 120 = 4*g. Is g composite?
False
Let l = 42 + -32. Let u(x) = 21*x + 57. Let y(m) = 21*m + 56. Let a(k) = -3*u(k) + 4*y(k). Is a(l) composite?
False
Suppose -c - 11 = -3*i + 3*c, 29 = 5*i - 4*c. Suppose -i*w + 6*w = -15891. Is w a prime number?
True
Let d be (-8)/(9 - 5)*(-2)/4. Suppose 5 = a + 2*g - 7, -2*a + g - d = 0. Is 1 + 465 + (a + 0 - 1) prime?
True
Let s(p) = -p**3 - p**2 - p + 677. Let i = 95 + -95. Is s(i) a composite number?
False
Suppose 0 = 56*x + 51620 + 30364. Let u = x + 4051. Is u composite?
True
Suppose -19*k - 182452 = -20*k + 5*b, 3*k + 4*b = 547413. Is k composite?
False
Suppose 2*y - 59 = -7. Suppose -21*u - 20 = -y*u. Suppose -49 = -n + u. Is n a composite number?
False
Suppose 0 = r - 0*r - 2, -2*f + 4 = 2*r. Suppose m + f*m = 5*u - 10, 4*m + 6 = 3*u. Suppose -2*b + 3*h - 8*h + 282 = m, -5*h - 504 = -4*b. Is b a prime number?
True
Suppose 7*a + 39 = 214. Let n(b) = 4*b - 77. Let s be n(a). Suppose -2*t + 915 = -s. Is t composite?
True
Let s be 18/72 + 635/4. Let m = -80 - -48. Let l = s + m. Is l a prime number?
True
Let l(v) = 117005*v - 2114. Is l(3) prime?
False
Let f(t) be the third derivative of t**6/120 + t**5/10 - 3*t**4/8 - 5*t**3/6 - 6*t**2. Let q be f(-7). Suppose 7*l + 68 = q*l. Is l composite?
True
Suppose -32*w + 44*w - 24 = 0. Suppose w*d - 2 = 0, 0*t - 4*d + 1415 = t. Is t a prime number?
False
Suppose 96*c - 179*c + 38*c + 2669985 = 0. Is c a prime number?
True
Let a = 13 - -43. Suppose a = 4*y - 11*y. Is (99804/18)/(y/(-12)) prime?
True
Let a(b) = b**2 + 12*b - 12. Let h be a(-13). Suppose -k + h = -10. Suppose -k*s + 1381 + 1402 = 0. Is s prime?
False
Let w = -42 - -24. Let i be (-148)/w + (-2)/9. Suppose 4*r = i, 0 = -a + 2*a + r - 789. Is a prime?
True
Suppose 155*g + 625737 = 3170992. Is g composite?
False
Suppose -20*c = 5*c + 351350. Let u = -9169 - c. Is u composite?
True
Let y(q) = 99*q - 7. Let b be y(2). Let n = 129 + b. Suppose 5*f = -5*z + 681 + 909, 0 = -f - 3*z + n. Is f a composite number?
False
Let d(w) = -111*w**3 + 13*w**2 + 29*w + 23. Is d(-8) prime?
False
Let x(w) = 41820*w + 4057. Is x(7) composite?
False
Let b = -2149 + 37310. Is b composite?
True
Let u = 117 + -115. Suppose l - 5*j - 9802 = -556, 5*l - 46115 = u*j. Is l a prime number?
True
Let p = 1814 - 453. Let y = 998 + -998. Suppose y = 3*r - 1102 - p. Is r a composite number?
False
Let z(x) = x**3 - 53*x**2 - 3*x + 137. Let y be z(54). Suppose 15*d - y = 7294. Is d a prime number?
False
Let m(a) = -672*a**2 + 3*a - 107. Let k be m(6). Let p = 54984 + k. Is p a composite number?
False
Let g(d) be the first derivative of -d**3/3 - 13*d**2/2 + 9*d + 13. Let k be g(-6). Suppose -k*o + 54*o - 633 = 0. Is o composite?
False
Suppose 5*a - 582095 = -2*p, 20 = 10*p - 6*p. Is a a composite number?
True
Suppose 56843 = o + 4*i - 732414, -5*o = -i - 3946327. Suppose -19*l = 24*l - o. Is l a composite number?
True
Suppose 24*v - 15793317 = -11850 + 117453. Is v a prime number?
False
Let v(b) = -375164*b - 3817. Is v(-6) a composite number?
True
Suppose 55440 = -3*a + 3*h - 0*h, 12 = -3*h. Let u = -4839 - a. Is u a composite number?
True
Let m = 227 + -171. Suppose 62*g - 47418 = m*g. Is g composite?
True
Suppose -3*a + 3*n + 155868 = 0, -4*n + 2*n = -5*a + 259777. Is a prime?
False
Suppose 561*z - 553*z - 8823172 = -653916. Is z prime?
True
Let w(g) = -g**2 - 45*g. Let j be w(-45). Let n(h) = 2*h + 614. Is n(j) prime?
False
Let g(f) = 24*f**3 + 5*f**2 + 3. Let t be g(5). Suppose 0 = 4*y - x + 2*x - t, -y + 2*x + 791 = 0. Suppose -3*l + 12 = -y. Is l a prime number?
False
Let v(p) = -639*p + 4. Let o be v(-8). Suppose -20*w - o = -21*w. Is (w - -11)*(-1)/(-3) a composite number?
False
Let s = -304 - -306. Is (s*(-3)/6)/((-14)/144466) a prime number?
False
Let q be 20/(-14)*(-35)/5. Let t be q*(18/(-15))/(-6). Let o(y) = 29*y - 3. Is o(t) prime?
False
Let a(l) = -137*l**3 - 33*l**2 + 10*l + 111. Is a(-11) a composite number?
True
Suppose -40983 = -3*m + 3*z - 0*z, -5*z - 54647 = -4*m. Let d = -7045 + m. Is d a composite number?
True
Suppose 19*u - 132 = -3*u. Suppose u*m - 1946 = 2440. Is m a composite number?
True
Let u(f) = 2*f**2 + 5*f + 5. Let x be u(-2). Suppose -x*w - v + 3014 + 1612 = 0, 1555 = w - 4*v. Is w a composite number?
False
Let v = 2211 + -1295. Let y = 1125 - 878. Let k = y + v. Is k a prime number?
True
Let w = 933954 - 425695. Is w a prime number?
True
Let b(r) = 16*r**2 + r + 10. Let y(v) = -6*v - 11. Let d be y(-5). Suppose 4*a = -4*t + 24, -6*a + 2*a = 3*t - d. Is b(t) a prime number?
False
Suppose 0 = -3*j + 3, -2*i + j = -23618 - 6115. Is i prime?
True
Is (-102)/(-85)*(-4329735)/(-12) + (-9)/2 composite?
True
Suppose 12*b = 5*b - 1918. Let r = 126 - b. Let i = 747 - r. Is i prime?
True
Let i(w) = 1109*w**2 + 179*w - 3071. Is i(19) prime?
True
Suppose 0 = -10*f + 11 + 29. Is f + 3190 - (-7 + 2) a composite number?
True
Let c(d) = -4*d**3 - 29*d**2 + 65*d - 19. Let q(v) = -2*v**3 - 15*v**2 + 33*v - 10. Let h(b) = 4*c(b) - 7*q(b). Is h(-20) prime?
False
Let j be (-2 + 1)/(4/49516). Let i = -5322 - j. Is i composite?
False
Let x(c) = 3*c**2 + 15*c - 7. Suppose 15 = -3*f + 6*f. Suppose -f*o + 2*b = 7*b - 35, 3*b = 4*o - 21. Is x(o) a composite number?
False
Let n be 2/5 - (-8)/5. Let s = 20381 - 14937. Suppose 6*z - s = n*z. Is z prime?
True
Suppose 71*u - 68*u = 30. Let t be 36/30*(0 + u/(-1)). Is (-18)/(-12)*((-43072)/t - 2) composite?
False
Let v(s) = 1448*s + 5. Suppose b - 4*b + 15 = 5*j, 5*j = -4*b + 20. Let l(y) = y + 2. Let a be l(j). Is v(a) a prime number?
False
Suppose 0 = 2*z - c - 110236 + 33464, 4*z = 3*c + 153538. Is z a prime number?
False
Let r = 50009 - 18888. Is r a prime number?
True
Let o(z) = 19*z**3 - 7*z**2 - 19*z + 1. Let l be o(8). Let s = l - 6235. Is s a composite number?
True
Suppose 0 = -85*h + 908769 + 413576. Is h a composite number?
True
Let p be ((-14)/6)/((6 - 7)/6). Suppose -p*j = -8*j - 1554. Is j prime?
False
Let j = 211426 - 108665. Is j composite?
False
Let m be 5 - 4 - -3 - 1. Suppose -2*o + 2 = 0, 0*w - m*w + 26 = 5*o. Let p(z) = 6*z**2 - 12*z + 13. Is p(w) a prime number?
True
Suppose 0 = 3*l - 2*q + 19087, -7203 = 2*l - 5*q + 5518. Let o = 10540 + l. Is o a prime number?
True
Let k = 18399 - -19094. Is k a prime number?
True
Let b = 686608 + -291587. Is b a prime number?
False
Suppose -49 = -5*s - 4. Let m = 34 + s. Let i = 135 + m. Is i a prime number?
False
Let j(l) = -75 + 45*l + 10*l + 31*l. Is j(5) a composite number?
True
Is ((-4672)/438 - 5*-2)/(6/(-1496601)) a composite number?
False
Let w be (-2)/8 - (-77)/(-44). Let x be ((-12)/15)/(64/(-30) - w). Suppose 7*g + 3*m = x*g + 281, g = -2*m + 285. Is g a prime number?
True
Suppose 51*f - 448 = -6670. Let n = 11575 + f. Is n a prime number?
False
Let p = -139959 - -209650. Is p composite?
False
Suppose 7*r = -9*r + 288. Suppose r*a - 238393 = 118205. Is a a composite number?
True
Let d(f) = -f**2 - 8*f - 4. Let l be d(-7). Suppose l = 4*v + 5*k - 13, 3 = -v - 3*k. Is ((-9)/3)/(8/((-54840)/v)) a composite number?
True
Suppose -316 = -3*b + 2*v, -18*v + 20*v = b - 112. Is (61948/b)/(4/138) a composite number?
True
Suppose 8917953 = 16*n - 385487. Is n prime?
False
Let y = 151581 + 95728. Is y a composite number?
False
Suppose -6*o + 128 = 2*o. Suppose 0 = -18*q + o*q - 4. Let j(p) = -144*p + 7. Is j(q) composite?
True
Let l(n) be the first derivative of 63*n**2 - 8*n - 2*n - 40 - 19*n**2 - n. Is l(6) composite?
True
Suppose 45063 = 11*a - 5570. Suppose 3*v - a = -2*s, -2*v - 2*v = -4*s + 9256. Is s a composite number?
False
Let l be ((-44 - -7) + 7)*(-4434)/15. Let f = l - 3327. Is f a prime number?
False
Let z be ((-5)/((-25)/1084))/(-2)*-5. Let t be (-10)/15 + 1/((-3)/(-4505)). Let v = t - z. Is v a prime number?
False
Let j(m) = 5*m**2 + 21*m - 33. Let l be j(-13). Suppose -l = -7*p + 714. Is p prime?
True
Let d(v) = 4107*v**2 + 14*v - 60. Is d(11) prime?
True
Suppose -c - 2*f = -18, -c + 6*c - 45 = 5*f. Suppose c*g - 421635 = 117729. Is g a prime number?
False
Let h = -2654 + 1463. Let n = 4010 + h. Is n a composite number?
False
Suppose 3606270 = 3*b - 86441 + 108842. Is b a composite number?
True
Let y = 36679 - -32298. Is y a composite num